inder when 4789774 is divided by 1596250.
1024
Calculate the remainder when 85732501 is divided by 24495.
1
Calculate the remainder when 4268618 is divided by 1118.
94
What is the remainder when 27109067 is divided by 35?
27
Calculate the remainder when 49714419 is divided by 686.
685
What is the remainder when 86081354 is divided by 54?
8
What is the remainder when 2702651 is divided by 5787?
122
What is the remainder when 314552 is divided by 157051?
450
Calculate the remainder when 580791 is divided by 673.
665
What is the remainder when 891014 is divided by 111329?
382
Calculate the remainder when 305327 is divided by 147.
8
Calculate the remainder when 158502160 is divided by 79251080.
0
Calculate the remainder when 364731 is divided by 7926.
135
Calculate the remainder when 10299269 is divided by 904.
901
What is the remainder when 1720213 is divided by 132321?
40
Calculate the remainder when 812533 is divided by 1727.
843
What is the remainder when 1386746 is divided by 693323?
100
What is the remainder when 84775 is divided by 1812?
1423
Calculate the remainder when 86622 is divided by 10823.
38
Calculate the remainder when 44244464 is divided by 2882.
0
What is the remainder when 6620750 is divided by 1171?
1087
Calculate the remainder when 12051 is divided by 10828.
1223
What is the remainder when 4764943 is divided by 104?
79
Calculate the remainder when 11311 is divided by 3442.
985
What is the remainder when 549172 is divided by 549093?
79
Calculate the remainder when 73315169 is divided by 8146129.
8
What is the remainder when 666056 is divided by 392?
48
Calculate the remainder when 10168428 is divided by 1547.
1544
What is the remainder when 5466602 is divided by 2165?
2142
What is the remainder when 257901 is divided by 4299?
4260
What is the remainder when 308039 is divided by 630?
599
Calculate the remainder when 23949 is divided by 20570.
3379
Calculate the remainder when 100024 is divided by 77.
1
What is the remainder when 105425811 is divided by 388?
3
Calculate the remainder when 46806 is divided by 478.
440
Calculate the remainder when 3512792 is divided by 133.
129
What is the remainder when 128945315 is divided by 220?
15
Calculate the remainder when 202793441 is divided by 1513.
1512
What is the remainder when 2408192 is divided by 4386?
278
Calculate the remainder when 23218119 is divided by 6265.
29
What is the remainder when 492811357 is divided by 26?
25
What is the remainder when 835621 is divided by 835599?
22
What is the remainder when 838483 is divided by 4070?
63
Calculate the remainder when 20153 is divided by 19944.
209
What is the remainder when 4835413 is divided by 2417703?
7
What is the remainder when 1151302 is divided by 52?
22
What is the remainder when 27996 is divided by 50?
46
What is the remainder when 107692 is divided by 107537?
155
Calculate the remainder when 13964551 is divided by 4784.
55
Calculate the remainder when 11311321 is divided by 11311301.
20
Calculate the remainder when 88534 is divided by 1236.
778
What is the remainder when 3406171 is divided by 14372?
7
Calculate the remainder when 198967 is divided by 66293.
88
Calculate the remainder when 1982622 is divided by 243.
228
Calculate the remainder when 15418146 is divided by 1681.
14
Calculate the remainder when 268947 is divided by 53774.
77
What is the remainder when 12092813 is divided by 31?
23
What is the remainder when 77409 is divided by 704?
673
What is the remainder when 333242 is divided by 335?
252
Calculate the remainder when 888150 is divided by 92.
74
Calculate the remainder when 32386603 is divided by 419.
417
Calculate the remainder when 481286 is divided by 53473.
29
What is the remainder when 2348075 is divided by 260896?
11
What is the remainder when 135215 is divided by 4501?
185
Calculate the remainder when 1581638 is divided by 68.
26
What is the remainder when 57734 is divided by 28458?
818
What is the remainder when 2812491 is divided by 3008?
11
What is the remainder when 141829403 is divided by 498?
497
Calculate the remainder when 27948 is divided by 1518.
624
Calculate the remainder when 2030 is divided by 535.
425
Calculate the remainder when 56207438 is divided by 73.
66
Calculate the remainder when 605876 is divided by 26309.
769
What is the remainder when 2041410 is divided by 1268?
1198
Calculate the remainder when 8497855 is divided by 1443.
28
Calculate the remainder when 148106 is divided by 8671.
699
What is the remainder when 23233399 is divided by 3872233?
1
What is the remainder when 87559 is divided by 1403?
573
What is the remainder when 7606348 is divided by 1256?
12
Calculate the remainder when 18977033 is divided by 2711003.
12
What is the remainder when 9669 is divided by 3162?
183
Calculate the remainder when 198386 is divided by 3265.
2486
What is the remainder when 528802118 is divided by 308?
306
What is the remainder when 1594013 is divided by 3971?
1642
Calculate the remainder when 3961664 is divided by 1320540.
44
What is the remainder when 39942312 is divided by 105?
102
What is the remainder when 1427329 is divided by 6100?
6029
What is the remainder when 30645096 is divided by 15322481?
134
Calculate the remainder when 685172 is divided by 11232.
20
Calculate the remainder when 4006172 is divided by 333829.
224
Calculate the remainder when 126691723 is divided by 14660.
3
Calculate the remainder when 453516 is divided by 113378.
4
Calculate the remainder when 33261 is divided by 191.
27
What is the remainder when 147387 is divided by 288?
219
What is the remainder when 2397956 is divided by 2397938?
18
Calculate the remainder when 7980326 is divided by 10.
6
What is the remainder when 626093 is divided by 949?
702
Calculate the remainder when 20296451 is divided by 103.
95
Calculate the remainder when 12120759 is divided by 8720.
8679
Calculate the remainder when 14474844 is divided by 204.
24
Calculate the remainder when 11732867 is divided by 385.
377
What is the remainder when 2156355 is divided by 439?
426
What is the remainder when 51658608 is divided by 51658598?
10
What is the remainder when 71199 is divided by 11866?
3
Calculate the remainder when 2115053 is divided by 6.
5
What is the remainder when 2257886 is divided by 2115?
1181
Calculate the remainder when 102710 is divided by 650.
10
Calculate the remainder when 2699890 is divided by 64.
50
What is the remainder when 17525 is divided by 5805?
110
What is the remainder when 9767027 is divided by 9767002?
25
Calculate the remainder when 215478113 is divided by 1333.
1329
Calculate the remainder when 180718717 is divided by 13.
10
What is the remainder when 7741448 is divided by 108?
8
Calculate the remainder when 546873 is divided by 193.
104
What is the remainder when 38534795 is divided by 1814?
1807
Calculate the remainder when 2613009 is divided by 252.
21
What is the remainder when 2124634 is divided by 126?
22
Calculate the remainder when 423254 is divided by 16279.
0
What is the remainder when 5069327 is divided by 716?
47
What is the remainder when 1199069 is divided by 70532?
25
What is the remainder when 148198919 is divided by 8871?
8864
What is the remainder when 6508406 is divided by 118?
116
What is the remainder when 191879631 is divided by 4921?
4920
What is the remainder when 6044692 is divided by 123361?
3
What is the remainder when 3523852 is divided by 20136?
52
What is the remainder when 6980457 is divided by 78432?
9
Calculate the remainder when 363966562 is divided by 1159.
1156
Calculate the remainder when 563990 is divided by 86.
2
Calculate the remainder when 30787 is divided by 7638.
235
Calculate the remainder when 541032 is divided by 108170.
182
Calculate the remainder when 405334349 is divided by 515.
509
What is the remainder when 179263 is divided by 4990?
4613
Calculate the remainder when 400293564 is divided by 117526.
8
What is the remainder when 615321 is divided by 5701?
5314
Calculate the remainder when 146265 is divided by 9410.
5115
What is the remainder when 1821151 is divided by 371?
283
Calculate the remainder when 69463526 is divided by 569.
6
Calculate the remainder when 6276367 is divided by 2092118.
13
What is the remainder when 1011129 is divided by 522?
15
